4
What is the units digit of 19415?
5
What is the ten thousands digit of 10480?
1
What is the units digit of 14668?
8
What is the units digit of 355?
5
What is the ten thousands digit of 68719?
6
What is the ten thousands digit of 74567?
7
What is the units digit of 8600?
0
What is the units digit of 538?
8
What is the units digit of 11858?
8
What is the hundreds digit of 4263?
2
What is the tens digit of 305?
0
What is the thousands digit of 1473?
1
What is the hundreds digit of 4304?
3
What is the units digit of 6928?
8
What is the units digit of 13548?
8
What is the tens digit of 83667?
6
What is the units digit of 779?
9
What is the units digit of 36462?
2
What is the hundreds digit of 1925?
9
What is the units digit of 896?
6
What is the hundreds digit of 4874?
8
What is the units digit of 5545?
5
What is the hundreds digit of 1030?
0
What is the units digit of 1503?
3
What is the thousands digit of 13988?
3
What is the tens digit of 9236?
3
What is the thousands digit of 9437?
9
What is the units digit of 13378?
8
What is the thousands digit of 59839?
9
What is the ten thousands digit of 15381?
1
What is the thousands digit of 1291?
1
What is the hundreds digit of 211?
2
What is the hundreds digit of 1315?
3
What is the units digit of 936?
6
What is the units digit of 12126?
6
What is the hundreds digit of 11370?
3
What is the tens digit of 74322?
2
What is the hundreds digit of 191?
1
What is the units digit of 857?
7
What is the ten thousands digit of 74785?
7
What is the tens digit of 69?
6
What is the hundreds digit of 4584?
5
What is the thousands digit of 45726?
5
What is the thousands digit of 38845?
8
What is the thousands digit of 2913?
2
What is the units digit of 7961?
1
What is the thousands digit of 14667?
4
What is the tens digit of 111049?
4
What is the thousands digit of 18896?
8
What is the thousands digit of 29497?
9
What is the tens digit of 865?
6
What is the units digit of 3401?
1
What is the tens digit of 684?
8
What is the units digit of 2812?
2
What is the hundreds digit of 7688?
6
What is the ten thousands digit of 29609?
2
What is the tens digit of 90?
9
What is the thousands digit of 13348?
3
What is the units digit of 3064?
4
What is the ten thousands digit of 32555?
3
What is the units digit of 8421?
1
What is the hundreds digit of 71609?
6
What is the hundreds digit of 1680?
6
What is the ten thousands digit of 14547?
1
What is the hundreds digit of 386?
3
What is the thousands digit of 15840?
5
What is the tens digit of 2349?
4
What is the hundreds digit of 2287?
2
What is the units digit of 12420?
0
What is the thousands digit of 1061?
1
What is the hundreds digit of 41801?
8
What is the tens digit of 17546?
4
What is the ten thousands digit of 27220?
2
What is the tens digit of 131456?
5
What is the units digit of 202?
2
What is the tens digit of 5630?
3
What is the units digit of 131?
1
What is the units digit of 2403?
3
What is the units digit of 24957?
7
What is the units digit of 87248?
8
What is the hundreds digit of 9874?
8
What is the tens digit of 4808?
0
What is the thousands digit of 27858?
7
What is the units digit of 351?
1
What is the units digit of 874?
4
What is the units digit of 60295?
5
What is the hundred thousands digit of 129304?
1
What is the hundreds digit of 18418?
4
What is the hundreds digit of 5691?
6
What is the units digit of 9972?
2
What is the units digit of 108?
8
What is the tens digit of 1632?
3
What is the thousands digit of 4748?
4
What is the tens digit of 31071?
7
What is the thousands digit of 38506?
8
What is the tens digit of 68087?
8
What is the units digit of 169?
9
What is the hundreds digit of 1164?
1
What is the thousands digit of 10574?
0
What is the tens digit of 201?
0
What is the units digit of 40384?
4
What is the units digit of 2?
2
What is the hundreds digit of 39303?
3
What is the tens digit of 8739?
3
What is the hundreds digit of 65509?
5
What is the units digit of 1199?
9
What is the hundreds digit of 36010?
0
What is the thousands digit of 26351?
6
What is the units digit of 3556?
6
What is the hundreds digit of 879?
8
What is the hundreds digit of 8521?
5
What is the hundreds digit of 1358?
3
What is the tens digit of 7273?
7
What is the units digit of 141227?
7
What is the tens digit of 3498?
9
What is the hundreds digit of 12412?
4
What is the tens digit of 52184?
8
What is the tens digit of 15783?
8
What is the thousands digit of 3487?
3
What is the hundreds digit of 94942?
9
What is the tens digit of 453?
5
What is the ten thousands digit of 17482?
1
What is the hundreds digit of 342?
3
What is the tens digit of 739?
3
What is the thousands digit of 47164?
7
What is the hundreds digit of 503?
5
What is the ten thousands digit of 31465?
3
What is the units digit of 39?
9
What is the tens digit of 128?
2
What is the thousands digit of 59426?
9
What is the hundreds digit of 1298?
2
What is the ten thousands digit of 17873?
1
What is the hundreds digit of 35003?
0
What is the hundreds digit of 404?
4
What is the tens digit of 3436?
3
What is the hundreds digit of 725?
7
What is the units digit of 229?
9
What is the units digit of 710?
0
What is the tens digit of 4884?
8
What is the units digit of 748?
8
What is the units digit of 4210?
0
What is the units digit of 901?
1
What is the ten thousands digit of 78825?
7
What is the tens digit of 8404?
0
What is the hundreds digit of 1819?
8
What is the tens digit of 1662?
6
What is the thousands digit of 1818?
1
What is the hundreds digit of 2734?
7
What is the units digit of 4598?
8
What is the hundreds digit of 20442?
4
What is the units digit of 1627?
7
What is the units digit of 36670?
0
What is the units digit of 101240?
0
What is the thousands digit of 1119?
1
What is the ten thousands digit of 50303?
5
What is the hundreds digit of 115497?
4
What is the units digit of 1051?
1
What is the hundreds digit of 3571?
5
What is the hundreds digit of 34352?
3
What is the hundreds digit of 69289?
2
What is the tens digit of 2948?
4
What is the thousands digit of 15557?
5
What is the tens digit of 6439?
3
What is the hundreds digit of 68205?
2
What is the hundreds digit of 2908?
9
What is the thousands digit of 37471?
7
What is the thousands digit of 144982?
4
What is the units digit of 7248?
8
What is the units digit of 1544?
4
What is the units digit of 19285?
5
What is the hundreds digit of 8168?
1
What is the hundreds digit of 858?
8
What is the tens digit of 5316?
1
What is the thousands digit of 33986?
3
What is the thousands digit of 2142?
2
What is the hundreds digit of 5907?
9
What is the hundreds digit of 14637?
6
What is the hundreds digit of 1899?
8
What is the hundreds digit of 1148?
1
What is the units digit of 32998?
8
What is the tens digit of 31010?
1
What is the tens digit of 872?
7
What is the thousands digit of 10300?
0
What is the thousands digit of 1523?
1
What is the ten thousands digit of 10369?
1
What is the hundreds digit of 12033?
0
What is the tens digit of 62121?
2
What is the thousands digit of 17998?
7
What is the tens digit of 308?
0
What is the units digit of 2432?
2
What is the ten thousands digit of 34078?
3
What is the hundreds digit of 3532?
5
What is the thousands digit of 102408?
2
What is the hundreds digit of 253?
2
What is the tens digit of 6732?
3
What is the units digit of 4?
4
What is the hundreds digit of 4169?
1
What is the hundreds digit of 2579?
5
What is the units digit of 94?
4
What is the ten thousands digit of 81135?
8
What is the thousands digit of 6665?
6
What is the tens digit of 224?
2
What is the units digit of 53152?
2
What is the tens digit of 89402?
0
What is the units digit of 58047?
7
What is the units digit of 21056?
6
What is the units digit of 7545?
5
What is the tens digit of 12748?
4
What is the hundreds digit of 1211?
2
What is the tens digit of 2675?
7
What is the units digit of 1416?
6
What is the ten thousands digit of 11252?
1
What is the tens digit of 473?
7
What is the hundreds digit of 50218?
2
What is the hundreds digit of 6125?
1
What is the thousands digit of 1980?
1
What is the thousands digit of 7011?
7
What is the tens digit of 1913?
1
What is the hundreds digit of 639?
6
What is the thousands digit of 6586?
6
What is th